t y(p) = 6*p**3 - p**2 + 1. Let f be y(1). Suppose -f*o = -o - 15. What is x(o)?
8
Let n(u) = -10*u + 14 + 8*u + u. Suppose -3*p = -z + 6*z - 44, 3*p - 23 = -2*z. Determine n(z).
7
Suppose 3*w = -o + 10, 5*o - 3*o - 5 = -w. Let s(q) = -q**3 + 5*q**2 - 2*q - 2. Determine s(w).
10
Suppose -z + 2 = -0*z. Let s(m) = m. Let r(d) = d + 1. Let t(h) = r(h) - 3*s(h). Determine t(z).
-3
Suppose 7*y - 6*y + 7 = 0. Let a(n) = -n**2 - 8*n - 9. Calculate a(y).
-2
Let z(y) be the first derivative of y**2/2 + 11*y + 1. Give z(0).
11
Let m be (-11)/(-3) - (0 + 2/(-6)). Let k(g) = -g**2 + 5*g + 1. Give k(m).
5
Let g = 20 + -17. Let q(x) = -x**3 + 4*x**2 - 4*x + 3. Give q(g).
0
Let t(l) be the first derivative of -l**4/2 - 2*l**3/3 + 3*l**2/2 + 3*l - 3. Let z(a) = a**3 - 15*a**2 + 14*a - 2. Let q be z(14). Give t(q).
5
Let b(c) = -2*c**3 + c**2 + 15*c + 19. Let a(w) = -w**3 + w**2 + 8*w + 10. Let z(n) = -11*a(n) + 6*b(n). Calculate z(-5).
-6
Let d(y) = 3*y + 2. Suppose 1 = -3*s + 4*g, 2*s + 0*s + 2 = 2*g. Determine d(s).
-7
Suppose -17*q + 20*q - 5*o - 6 = 0, 5*o = 5*q. Let j(m) be the second derivative of 1/20*m**5 + 1/2*m**3 + 1/3*m**4 - m - 1/2*m**2 + 0. What is j(q)?
-1
Suppose -g - 2 = 2*q - 1, 2*g - 2 = 0. Let z be -2 - (-1 + 3 + q). Let j(t) = -t**3 - 2*t**2 + 5*t + 4. Calculate j(z).
-2
Let b(i) be the first derivative of 1/4*i**4 - 7*i - 2*i**3 + 1 + 3*i**2. Calculate b(5).
-2
Let m(c) = c**3 + c**2 - 2*c + 1. Let d = -15 - -16. Give m(d).
1
Let f(m) be the first derivative of -m**4/4 - m**3/3 - m**2 - 3*m - 12. What is f(-2)?
5
Suppose -2*y - 2 = 10. Let t(j) = 2*j**2 + 7*j - 3. Give t(y).
27
Let f(n) be the first derivative of n**4/4 + n**3/3 - n**2 + 4*n - 1. Let m be (-5)/(-2)*8/5. Suppose 3*v + 3 = 0, m*o + 0*v = -4*v - 16. Calculate f(o).
-8
Let o(r) be the second derivative of -2*r**2 + 1/12*r**4 - 1/2*r**3 + 0 + 2*r. Let f(x) = 4*x**2 - x. Let z be f(-1). What is o(z)?
6
Let j = 9 + -6. Let f(m) = 1 - 4*m - j + 6*m. What is f(3)?
4
Let x(p) = 3 - 5 - 2*p**2 + 3 - 2. What is x(2)?
-9
Let r(a) be the third derivative of a**5/30 - a**4/24 + 10*a**2. Suppose -5*l = 3*c - 8, -2*c + 4*l - 3 = -c. Calculate r(c).
1
Let l(f) = -5*f**2 - f - 1. Let s be (14/(-7))/(4 - 2). Give l(s).
-5
Let n be (-2 + 1 - 1) + -1. Let k(i) = -2*i + 2. Calculate k(n).
8
Let d(x) = -x**3 + 4*x**2 + 6*x - 1. Let a be 4 + 5 + 1*-4. Give d(a).
4
Suppose 47*x = 43*x - 12. Let h(d) = -d**3 - 5*d**2 + 8*d + 2. Let a(b) = -b**3 - 6*b**2 + 9*b + 2. Let t(c) = 3*a(c) - 4*h(c). Calculate t(x).
4
Let n(p) = -5*p - 1. Let r = -19 - -18. Calculate n(r).
4
Let l(y) be the third derivative of y**6/30 - 12*y**2. Calculate l(1).
4
Let z(f) = -16*f - 15. Let g(q) = 3*q + 3. Let j(d) = -11*g(d) - 2*z(d). What is j(-7)?
4
Let z(b) = 3*b**2 - 1 + 0*b - b**2 + 3*b + b**3. Let g(h) = 3*h**3 + 5*h**2 + 8*h - 4. Let j(u) = 3*g(u) - 8*z(u). Calculate j(0).
-4
Let l(f) = -1. Let s(z) = 2*z + 16. Let n(m) = -12*l(m) - s(m). Suppose 5*j + 12 = -18. Give n(j).
8
Let i(b) = 5*b - 12. Let y be i(5). Let q(s) = s - 4*s**3 + 4*s**3 - s**3 + y - 24. What is q(0)?
-11
Suppose -4 = -i, -i = 5*w + 9 + 7. Let l(m) be the second derivative of m**5/20 + m**4/6 - 5*m**3/6 + m**2 - 2*m. Give l(w).
-10
Let t be (12/7)/(3/(-21)). Let x = 7 + t. Let p(l) = -l - 3. Calculate p(x).
2
Let o = 5 - 9. Let l(w) = 3*w + 1 - 2*w + 3 - 2. Give l(o).
-2
Let t(u) be the third derivative of -u**6/15 + 3*u**2. What is t(1)?
-8
Let f(r) = 7*r**2 + 3*r + 5. Let y = 7 - 12. Let q(l) = 11*l**2 + 4*l + 8. Let u(s) = y*q(s) + 8*f(s). Suppose 3*a - 26 = 4*m, -2*a - 16 = 2*m + 2*m. Give u(m).
5
Let r(j) = -17*j + 3. Let y(g) be the third derivative of -g**4/3 + g**3/6 - g**2. Let a(h) = -6*r(h) + 13*y(h). Let c be -8 - -5 - (2 - -1). What is a(c)?
7
Let s(g) = g + 9. Let q be 2*1/(-4)*0. Let x be ((-4)/(-8) - q)*-8. What is s(x)?
5
Let w(c) = c**2 - 7*c + 1. Suppose 7 = -3*k + 19. Suppose -g = -m - 2*m + 11, 0 = 2*g - k*m + 18. Let p be 28/5 - 2/g. What is w(p)?
-5
Let z(j) be the third derivative of j**5/20 + j**4/24 - j**3/3 - 2*j**2. Let q be (-3 - (-1 - 2)) + (-8)/4. What is z(q)?
8
Let w = 11 - 7. Let f(n) = 2*n - 5. Give f(w).
3
Let t(f) = f + 2. Let j(p) = p - 9. Let n be j(3). What is t(n)?
-4
Let h(g) be the second derivative of -g**3/6 - 5*g**2/2 - 24*g. What is h(5)?
-10
Let f(t) = 4*t + 0*t**3 - 2*t**3 + t**3 + t**2. Let j be (-5)/(-2)*(-6)/(-5). What is f(j)?
-6
Let v(a) = -1. Let c(z) = 4*z - 2. Let w be (1 - (-4)/(-2))*3. Let k(p) = w*v(p) + c(p). What is k(1)?
5
Let x(w) = w**3 + 3*w**2 - 6*w - 4. Let a be x(-4). Suppose 2*q + 3 = 5*j, 2 = -3*j + 5. Let v(l) = -4*l**2 - 5*l + 0 + q + 5*l**2. What is v(a)?
-3
Let q(b) = -3*b**3 + 3*b**2 - b + 2. Let t = 21 + -19. Give q(t).
-12
Let j(h) = -h**2 - h + 0 + 0*h - 4 + 11 + h**3. Let y be (-3 + 2 - 1) + 2. Suppose -4*i = -y*i. Calculate j(i).
7
Let u(v) = v**3 - 4*v**2 + v. Let b be 9/1*2/2. Let t be 2/(-3) + (-39)/b. Let s = t + 8. What is u(s)?
-6
Let u(z) = z + 1. Suppose 12 = k + 4. Suppose 4*a - k = 12. What is u(a)?
6
Let c = -2 - -9. Let z = c + -7. Let n(v) = -v - 9. Give n(z).
-9
Let j(v) = v**3 - v + 5*v**2 + 4*v**3 - v + 6 - 6*v**3. Determine j(4).
14
Let z(u) be the second derivative of 1/12*u**4 + 5/2*u**2 - 2*u + 0 + 2/3*u**3. Determine z(-4).
5
Let t be (3 - 0)/(6/4). Let y be (0/t)/(-1 + -1). Let l(n) = y*n + 2 + n + 0*n. What is l(-5)?
-3
Suppose -10*o - 19 = 1. Let b(r) = -3*r**3 - 5*r**2 + r**2 - 2 - 4*r + 2*r**3. Give b(o).
-2
Let k(y) be the second derivative of -5*y**3/6 + 3*y**2 - 15*y. Determine k(5).
-19
Let l(q) = -q - 9. Suppose -5 = -n - 2. Suppose -m - i = -6*i - 20, -15 = n*i. Calculate l(m).
-4
Suppose -10 - 4 = 2*d. Let w = -7 - d. Let i(f) = w*f - 3*f - 3*f + 2 - f + f**2. Determine i(5).
-8
Let a(s) be the second derivative of -5*s**3/6 + s. Suppose 4*x - 1 - 19 = 0. Suppose -3 - 2 = x*t. What is a(t)?
5
Let p(v) be the third derivative of -v**4/24 + v**3/2 - v**2. Let x = -4 - -10. Let q be 16/x - 4/(-12). Determine p(q).
0
Let g(w) = 11*w**2 - 13*w - 17. Let q(n) = 5*n**2 - 6*n - 8. Let x(o) = 4*g(o) - 9*q(o). Determine x(3).
1
Let r(q) = 5*q + 3. Suppose n - 10 = 3*n. Let t(b) = -b**3 - 5*b**2 + b + 3. Let v be t(n). Calculate r(v).
-7
Let j(b) = 6*b**2 - 14*b. Let x(v) = 2*v**2 - 5*v. Let k(m) = -6*j(m) + 17*x(m). Determine k(-2).
-6
Let g(r) be the third derivative of r**6/120 - r**5/30 + r**4/8 - r**3/3 + 3*r**2 - 8. What is g(3)?
16
Suppose 2*w - 3 + 4 = o, 5*o + 3*w = 5. Let i(s) = -s**3 + 0 + s + 0*s - 1. Determine i(o).
-1
Let w be (-1 - 18/(-16))*4. Let g(j) be the first derivative of 0*j - 1 + 7/4*j**4 - 1/3*j**3 - w*j**2. Calculate g(-1).
-7
Let v(s) = -s**2 + 4*s. Let m = -46 + 52. Let q(w) = 2 - w**2 + 8*w - 8 - 1. Let l be q(m). Calculate v(l).
-5
Let l(w) = w**2 - 9*w + 4. Let k = 11 - 3. Calculate l(k).
-4
Let h(v) = -11 - 11 + 2*v + 2*v**2 - 3*v**3 + 23. Calculate h(-1).
4
Let o be -4*(6/(-4))/3. Suppose 4*p = -3*t + 26, -t - 18 = p - 5*p. Let v(i) = 5*i**t - 4*i**o - 4*i + 10*i + 4. Determine v(-5).
-1
Let a(k) = -k**3 - 3*k**2 + 2*k + 3. Let m be a(-3). Let s be 0 - (3 - m)/3. Let l(w) = -3*w**2 - 3*w. Calculate l(s).
-6
Let y = 14 - 8. Suppose y*i = i. Suppose -g = -i*g - 3. Let a(n) = n**2 - 2*n - 1. Determine a(g).
2
Let y(q) = -18 + 0*q + 17 - 2*q. Let r(d) = 6*d. Let w be r(-1). Let n be 2/(-3)*w/(-4). Determine y(n).
1
Let v be ((-15)/10)/(3/6). Let n(t) = t**2 + 1. Calculate n(v).
10
Let f(h) be the third derivative of h**3 + 0 + 0*h - 1/24*h**4 + h**2. What is f(6)?
0
Suppose p = 2*p. Suppose -4*x = -x. Let k(g) = -5 + 4*g - 5*g + 2 + x. Calculate k(p).
-3
Let u(f) = 7*f**3 + 12*f**2 + 19*f + 5. Let k(j) = 3*j**3 + 6*j**2 + 9*j + 3. Let c(z) = 5*k(z) - 2*u(z). Let v = 332 + -336. Determine c(v).
9
Suppose 2 + 1 = 3*d. Let i be ((2 - 0)*1)/d. Let y(u) = -u - 4 - 2*u**2 + 5*u + u**i. Give y(4).
-4
Let j(h) = -h + 4. Let k(t) = -t**2 - 7*t + 4. Let y be k(-7). What is j(y)?
0
Let p be -5*(26/10 - 3). Let v(j) = 0 - 6 + p*j**2 + 6*j - j**2. Calculate v(-6).
-6
Let r = 7 + -3. Suppose 0 = f - k - 1 - 3, -2*f + r*k + 18 = 0. Let l(a) be the third derivative of a**4/12 + a**3/6 + 2*a**2. Give l(f).
-1
Let h(n) = 3*n - 2 - n**2 - 5*n + n. What is h(-4)?
-14
Let u(z) be the first derivative of -z**2/2 - 3*z + 11. What is 